31
List the prime factors of 2241765036.
2, 3, 7, 41, 216973
What are the prime factors of 21733751?
13, 61, 27407
What are the prime factors of 35277188?
2, 1153, 7649
List the prime factors of 69973786.
2, 34986893
What are the prime factors of 832168881?
3, 92463209
List the prime factors of 139637632.
2, 1090919
List the prime factors of 47190448.
2, 2949403
List the prime factors of 206447972.
2, 31, 1664903
What are the prime factors of 226929455?
5, 31, 61, 24001
What are the prime factors of 19851616?
2, 620363
What are the prime factors of 95285666?
2, 7, 6806119
List the prime factors of 1683104004.
2, 3, 46752889
List the prime factors of 2001995476.
2, 13, 38499913
What are the prime factors of 2726182523?
149, 18296527
List the prime factors of 819737439.
3, 367, 744539
List the prime factors of 25058578.
2, 17, 737017
List the prime factors of 651671263.
83, 7851461
List the prime factors of 136780204.
2, 11, 271, 11471
List the prime factors of 35907769.
211, 170179
List the prime factors of 1048760074.
2, 41, 12789757
What are the prime factors of 47343747?
3, 11, 29, 61, 811
List the prime factors of 1153873314.
2, 3, 11, 5827643
What are the prime factors of 2233867836?
2, 3, 186155653
List the prime factors of 72214037.
7, 53, 194647
List the prime factors of 51629548.
2, 12907387
What are the prime factors of 96271611?
3, 32090537
List the prime factors of 23667801.
3, 1021, 7727
What are the prime factors of 16413223?
16413223
What are the prime factors of 44483048?
2, 5560381
List the prime factors of 536577015.
3, 5, 13, 2751677
List the prime factors of 2091819747.
3, 61, 3067, 3727
List the prime factors of 242980817.
317, 766501
List the prime factors of 43210209.
3, 7, 17, 17291
What are the prime factors of 904201219?
17, 3119, 17053
List the prime factors of 72586018.
2, 107, 339187
List the prime factors of 4723676446.
2, 2361838223
What are the prime factors of 98228436?
2, 3, 1997, 4099
List the prime factors of 19885481.
7, 11, 258253
List the prime factors of 1163367605.
5, 59, 66841
What are the prime factors of 298913223?
3, 7, 1009, 14107
List the prime factors of 542235759.
3, 13, 13903481
List the prime factors of 610576140.
2, 3, 5, 157, 64817
What are the prime factors of 16309048?
2, 7, 179, 1627
List the prime factors of 2546902437.
3, 37, 2113, 10859
List the prime factors of 274972244.
2, 68743061
List the prime factors of 107836232.
2, 7, 41, 67, 701
What are the prime factors of 27192575?
5, 29, 37507
List the prime factors of 495394873.
43, 211, 54601
What are the prime factors of 111712658?
2, 53, 241, 4373
List the prime factors of 577821319.
113, 1289, 3967
List the prime factors of 47896201.
47896201
What are the prime factors of 144125287?
73, 1974319
List the prime factors of 288740860.
2, 5, 41, 352123
What are the prime factors of 44886841?
41, 1094801
What are the prime factors of 87377853?
3, 29125951
What are the prime factors of 257976370?
2, 5, 71, 127, 2861
What are the prime factors of 789773307?
3, 263257769
What are the prime factors of 643864108?
2, 467, 344681
List the prime factors of 402639032.
2, 19, 37, 71593
What are the prime factors of 3098002361?
17, 182235433
List the prime factors of 801588205.
5, 11, 14574331
What are the prime factors of 1330382213?
26951, 49363
List the prime factors of 46454828.
2, 7, 1659101
What are the prime factors of 18218739?
3, 7, 11, 19, 593
List the prime factors of 163775524.
2, 11, 3722171
What are the prime factors of 43435399?
7, 571, 10867
List the prime factors of 35372855.
5, 7, 144379
What are the prime factors of 2239914232?
2, 59, 571, 8311
List the prime factors of 48602664.
2, 3, 11, 109, 563
List the prime factors of 49335338.
2, 13, 349, 5437
List the prime factors of 236629628.
2, 59157407
List the prime factors of 251281605.
3, 5, 16752107
List the prime factors of 540290913.
3, 1409, 127819
What are the prime factors of 30241121?
79, 313, 1223
What are the prime factors of 58366752?
2, 3, 61, 9967
List the prime factors of 44838702.
2, 3, 59, 42221
List the prime factors of 161803349.
8093, 19993
List the prime factors of 27692185.
5, 73, 75869
What are the prime factors of 45204307?
45204307
List the prime factors of 545507783.
4139, 131797
List the prime factors of 711851013.
3, 17, 557, 8353
What are the prime factors of 166711298?
2, 13, 6411973
List the prime factors of 19842255.
3, 5, 440939
List the prime factors of 21078582.
2, 3, 7, 89, 5639
What are the prime factors of 141809059?
7, 20258437
What are the prime factors of 92883022?
2, 46441511
List the prime factors of 210334006.
2, 105167003
List the prime factors of 91167166.
2, 181, 251843
What are the prime factors of 19871959?
829, 23971
What are the prime factors of 95692611?
3, 7, 47, 96953
List the prime factors of 1459187336.
2, 182398417
List the prime factors of 1565222060.
2, 5, 131, 283, 2111
List the prime factors of 77444959.
37, 337, 6211
List the prime factors of 1804833973.
409, 4412797
List the prime factors of 81722166.
2, 3, 911, 14951
What are the prime factors of 33353037?
3, 19, 195047
What are the prime factors of 172429388?
2, 59, 730633
List the prime factors of 1672695.
3, 5, 37171
List the prime factors of 4029706304.
2, 13, 47, 7927
What are the prime factors of 593105290?
2, 5, 73, 812473
List the prime factors of 117934041.
3, 23, 1709189
What are the prime factors of 42932468?
2, 73, 147029
What are the prime factors of 28468147?
257, 110771
List the prime factors of 58584569.
2351, 24919
What are the prime factors of 874822046?
2, 7, 31, 179, 11261
List the prime factors of 3692294858.
2, 7, 263735347
List the prime factors of 407209442.
2, 4219, 48259
List the prime factors of 4053394898.
2, 7, 17, 1033, 16487
List the prime factors of 630886072.
2, 797, 98947
List the prime factors of 416793949.
11, 13, 181, 16103
What are the prime factors of 2759524718?
2, 1657, 832687
What are the prime factors of 27479155?
5, 11, 499621
What are the prime factors of 5121484186?
2, 7, 13, 28140023
What are the prime factors of 116915539?
13, 31, 290113
List the prime factors of 50839919.
13, 3910763
What are the prime factors of 1823753480?
2, 5, 45593837
List the prime factors of 1852705106.
2, 7, 73, 1812823
What are the prime factors of 139607204?
2, 11, 251, 12641
List the prime factors of 36270047.
11, 181, 18217
What are the prime factors of 26941763?
23, 47, 24923
What are the prime factors of 58060718?
2, 29030359
What are the prime factors of 2997739?
1009, 2971
What are the prime factors of 5918676?
2, 3, 173, 2851
What are the prime factors of 35052659?
227, 154417
List the prime factors of 406397383.
7, 31, 1872799
What are the prime factors of 73909210?
2, 5, 7390921
List the prime factors of 199420604.
2, 49855151
What are the prime factors of 404809599?
3, 1747, 77239
What are the prime factors of 104334468?
2, 3, 7, 31, 103, 389
List the prime factors of 295386875.
5, 7, 107, 631
List the prime factors of 161837610.
2, 3, 5, 11, 490417
What are the prime factors of 173108052?
2, 3, 13, 37, 769
List the prime factors of 262107226.
2, 131053613
What are the prime factors of 5825047269?
3, 1941682423
What are the prime factors of 4732281455?
5, 11, 19, 467, 9697
List the prime factors of 232652252.
2, 7, 8309009
What are the prime factors of 216428759?
101, 181, 11839
List the prime factors of 270110639.
89, 3034951
List the prime factors of 109661388.
2, 3, 19, 41, 11731
What are the prime factors of 380356825?
5, 31, 490783
List the prime factors of 7033868542.
2, 46457, 75703
List the prime factors of 534254148.
2, 3, 14840393
List the prime factors of 372033039.
3, 7, 37, 73, 937
What are the prime factors of 13152934?
2, 17, 386851
What are the prime factors of 128121060?
2, 3, 5, 47, 45433
What are the prime factors of 1022277537?
3, 109, 347359
What are the prime factors of 290171504?
2, 7, 17, 257, 593
What are the prime factors of 75727311?
3, 11, 2294767
What are the prime factors of 28323530?
2, 5, 17, 166609
What are the prime factors of 556059685?
5, 109, 1020293
What are the prime factors of 68033182?
2, 7, 4859513
List the prime factors of 1187884485.
3, 5, 26397433
List the prime factors of 251888246.
2, 12